= l**2 + 6*l + 7. Let i = -4 + 7. Let n be i + 12/(-3) + -4. What is m(n)?
2
Let a(l) = -l**2 - 9*l + 4. Let y(u) = -u. Let x(j) = -a(j) + 3*y(j). Calculate x(-6).
-4
Let x(n) = -5*n**3 + 6 - 4 - n**2 - 1 + n. Suppose -6*c + 3*c + 9 = 0. Let o = c + -4. Give x(o).
4
Let m(y) = -3*y - 9 + 2*y + 11. What is m(3)?
-1
Let a(s) = -s - 1. Let k be a(-7). Let p(q) = -q**2 + 5*q + 2. Let r be p(k). Let n(v) = v**3 + 3*v**2 - 3*v + 4. What is n(r)?
0
Let i(v) = -5*v**2 + 37*v + 45. Let l(d) = -d**2 + 9*d + 11. Let h(o) = -2*i(o) + 9*l(o). Determine h(-7).
9
Let y(i) be the third derivative of -1/8*i**4 - 1/10*i**5 - 1/120*i**6 + 5/6*i**3 + 0 + 4*i**2 + 0*i. Determine y(-5).
-5
Let x(i) = -3*i - 2. Let t = 15 - 13. Suppose 9 - 3 = -t*k. Calculate x(k).
7
Let l(q) = -47*q - 2 + 46*q + 6. Let j(s) = -s**3 - 2*s**2 + 3*s + 1. Let y be j(-2). Let o(k) = k**3 + 4*k**2 - 5*k + 3. Let d be o(y). Determine l(d).
1
Let m(u) = 8*u**2 + 42*u + 1 - 48*u - 6*u**2. Determine m(4).
9
Let y(w) be the first derivative of -w**3/3 - 5*w**2/2 - 5*w + 3. Let a be y(-5). Let k(x) = -x**3 - 5*x**2 - 4. What is k(a)?
-4
Let u(o) = -o**3 + 5*o**2 - 4*o + 1. Let f be u(4). Let v(d) = 4 + 8*d + f - 5*d. Suppose 0 = 3*k + 12 - 0. Give v(k).
-7
Let a(h) = h**3 - 2*h**2 - 4. Let w(b) = -5*b**3 + 0*b**3 + 5 + 2*b**2 + 4*b**3 - 2. Let k(f) = 5*a(f) + 6*w(f). Determine k(2).
-2
Let k(j) = -j**2 + 5*j + 3. Let c(l) = -l**2 + 6*l + 4. Let q(p) = 3*c(p) - 4*k(p). Determine q(3).
3
Let j(q) = -3*q + 1. Let g(t) = -t**3 + t**2 - 2*t + 1. Suppose 0 = c - 2*c. Let p be g(c). What is j(p)?
-2
Let z(w) = -w**3 + 5*w**2 + 3*w**2 - 7*w**2 - 2*w**2 + 16. Determine z(0).
16
Let x(i) = -1 + 1356*i - i**2 - 1356*i + 0*i**2. What is x(0)?
-1
Let l(q) = -q**3 - 2*q**2 + 2*q + 3. Suppose 2*i - 2 - 4 = 0. Suppose -i*z = 12 - 6. Give l(z).
-1
Let u(j) be the third derivative of j**6/360 + 7*j**5/120 - j**4/12 + j**3/2 + 2*j**2. Let b(i) be the first derivative of u(i). What is b(-6)?
-8
Let m(s) = 2*s**3 - 10*s**2 + 5*s + 6. Let t(q) = -q**3 + 5*q**2 - 2*q - 3. Let u(d) = 4*m(d) + 9*t(d). Determine u(5).
7
Let z(f) = -f**3 - 3*f**2 - 1. Let b be z(-3). Let i(d) = -8*d**3 + 2*d + 1. What is i(b)?
7
Let o = -16 - -27. Let l(z) = -2 - 5*z**3 - 2*z + 10 - z. Let p(a) = 14*a**3 + 8*a - 24. Let h(j) = o*l(j) + 4*p(j). Give h(0).
-8
Let f(t) = t + t - 1 - 3*t. Suppose b + 2*o = -2*b + 1, 0 = 3*b - 2*o + 19. Calculate f(b).
2
Let c = -6 - -9. Let s(k) be the first derivative of -k**2/2 - k + 3. Determine s(c).
-4
Let l(s) = s**3 - s**2 - s - 1. Let h(p) = 2*p**3 + 3*p**2 - 2*p - 2. Let c(u) = -h(u) + 3*l(u). Suppose 10*t = -30 + 90. Determine c(t).
-7
Let m(w) be the third derivative of w**7/5040 - w**6/144 - w**5/30 - w**2. Let y(o) be the third derivative of m(o). What is y(7)?
2
Let v be (-11 - -10) + (-4 - -1). Let t be (-3)/(-1) + v + -6. Let a(q) = q + 4. Give a(t).
-3
Let q = -7 + 0. Let j(f) = -f**2 - 5*f + 9. Calculate j(q).
-5
Suppose 9 = -3*u + 3*d, -9*u - 5*d - 13 = -7*u. Let m(z) = -z**3 - 2*z**2 + 5*z. Give m(u).
12
Let u(q) = 1. Let d(m) = -m + 6. Suppose 0 = 3*g + 4 + 2. Let h(l) = g*u(l) + d(l). Let n = 95 - 90. Give h(n).
-1
Let y be ((-2)/6)/((-1)/6). Let m = y - 0. Let h(t) be the second derivative of -t**3/2 + t**2/2 - 2*t. Determine h(m).
-5
Let h = 20 + -17. Let r(i) = -3 + 1 + 2*i + 0*i**h - i**3 - i**2 + 2*i**2. What is r(2)?
-2
Let s(x) = -x**3 - 5*x**2 + x + 7. Let a be s(-5). Let f(h) = a*h - 1 + 1. Let v be (3/(-2))/(6/(-16)). Give f(v).
8
Let q(g) = -g**3 + 4*g - 3. Let l(m) = m**3 - 5*m + 4. Let o(a) = -3*l(a) - 4*q(a). What is o(-2)?
-6
Let o(j) = -j**2 + 8*j - 8. Let c be o(6). Let b(l) be the second derivative of 0 + 5/12*l**4 - 2*l**2 - 2/3*l**3 - 2*l - 1/20*l**5. Determine b(c).
-4
Let c(y) = -y**2 + 5*y + 1. Let w = -9 - -14. Suppose f = w - 0. Determine c(f).
1
Let c(j) = 5*j**2 + 5*j**2 - 2*j**2 + 6*j - 7*j**2 - 5. Determine c(-6).
-5
Let k(q) = -q**2 - 4*q. Let d be k(-3). Let j be (-1)/((6/(-4))/d). Let o(s) = -2*s**2 + 2*s + 1. What is o(j)?
-3
Let f(t) be the first derivative of t**4/4 - 2*t**3 - t**2/2 + 4*t - 20. What is f(6)?
-2
Let x(c) = c**2 + 7*c + 4. Let h = -4 - -3. Let z be (2/h)/((-6)/(-15)). Determine x(z).
-6
Let m(i) = i**3 + 5*i**2 - 6. Let j be (-7)/21 - (-2)/6. Suppose 5*x + 16 + 9 = j. Give m(x).
-6
Let l = 7 + -3. Let t = 7 - 5. Let b(o) = t*o**2 - o**2 + 0*o**2 - 3*o - 1. Calculate b(l).
3
Let s(a) = -2*a**2 - a - 1. Let g(j) = -j**3 - 4*j**2 - 2*j + 2. Let t be g(-3). Give s(t).
-2
Let h(w) be the second derivative of w**4/6 - 5*w**3/6 - w**2 - 15*w. Give h(4).
10
Let i = 7 + 16. Let l = i + -23. Let p(c) = 4 + c**2 + 1 - c + 3. Give p(l).
8
Let r(n) = -n. Let a(j) = 10*j + 4. Let p(o) = a(o) + 12*r(o). Calculate p(4).
-4
Let l(h) = h - 1. Let v(f) be the first derivative of -f**3/3 - f**2/2 - 3. Let d be v(-1). Suppose d*n + 6 = 2*n. Give l(n).
2
Let u(x) = -4*x + 3*x - 2 + 2*x. Let v be (-18)/(-4) - (-4)/8. Let b be u(v). Let d(o) = o**3 - 3*o**2 + o - 1. Calculate d(b).
2
Let v(p) = -2*p - 1. Suppose -2*j = -0*j. Suppose -4 = k - j*k, 5*o - 3*k - 42 = 0. Determine v(o).
-13
Let c(m) = -6*m**2 - 2*m - 1. Let t = 0 + 8. Let i = t + -9. What is c(i)?
-5
Let n(k) = 7*k - 2. Let b be n(0). Let x(o) = 3*o**3 + 3*o**2 + 2*o - 1. Determine x(b).
-17
Let m(o) = -o**3 + 6*o**2 - 3. Let x = -12 - -18. Give m(x).
-3
Let m be 0*(-2)/(-2 + -2). Let b(x) = -x**2 + x - 6. What is b(m)?
-6
Let y(a) = a - 3. Let d be y(5). Let k(z) = 0*z**3 + 3*z**3 - 8 - z + 9 - d*z**3. Let o be 0/2*(-1)/(-2). Calculate k(o).
1
Let o(u) be the second derivative of u**3/6 + 13*u**2/2 + 19*u. Give o(-10).
3
Suppose -3*h = -3*y - 7 + 22, 17 = 3*y - 4*h. Let t(i) = 7*i**3 - 3*i + 2*i**2 - 4*i**3 - 2*i + y*i. Suppose 3*z = -9, c = z + z + 4. Give t(c).
-12
Let x(h) be the first derivative of 1 + 1/4*h**4 + 0*h**2 + h + 0*h**3. Give x(-1).
0
Let q(w) = 5*w - 2*w - 6 - w + w**2 + 3*w. Give q(-6).
0
Let i(v) = 13 + v**2 - 35 + 19 + 0*v - 5*v. Determine i(4).
-7
Let o(t) be the first derivative of 1/3*t**3 + 2*t + 3 - 3/2*t**2 + 1/4*t**4. Determine o(-3).
-7
Let j(f) be the second derivative of -f**5/10 - f**4/4 + f**3/6 + f**2 - 9*f. Calculate j(-2).
4
Suppose 0 = 4*s - 0 - 4. Let t(v) = 4*v**2 + v - 1. What is t(s)?
4
Suppose -8*k + 3*k - 70 = 0. Let p be (-5)/(-10) - k/4. Let u(w) = w**2 - 2*w - 5. What is u(p)?
3
Suppose 2 + 7 = 3*g. Let n be 2/g - 4/6. Suppose 0 = -n*q + 2*q - 5*h - 32, 0 = q - 3*h - 18. Let v(p) = p**3 - 7*p**2 + 5*p - 1. Give v(q).
-7
Let z(p) = 4*p. Suppose 0*h - 2*h = -4*v - 8, -3*h + 2 = 4*v. What is z(v)?
-4
Suppose -4*g + 190 - 206 = 0. Let u(q) = q + 4. Determine u(g).
0
Let m(a) be the third derivative of -a**7/1260 + a**6/720 + a**4/8 - 4*a**2. Let i(n) be the second derivative of m(n). Determine i(1).
-1
Let z = 8 + -12. Let a(q) = q + 1. Give a(z).
-3
Let t(b) = 4 + 4*b**2 - 5*b + 5*b**2 - 10*b**2. Calculate t(-5).
4
Let b(x) = -x**3 + x**2 + x + 6. Suppose 5*a - 4 = 6. Let w = a - -1. Suppose o = -w*o. Determine b(o).
6
Let q(b) be the first derivative of -b**3/6 - b**2/2 + 3*b + 1. Let h(l) be the first derivative of q(l). Determine h(-2).
1
Suppose 0 = 3*p - 4*c + 1, 1 = -3*c - 5. Let s(k) = -k - 1. What is s(p)?
2
Let s(u) = -4*u - 3 + 11 - 1. Calculate s(6).
-17
Let u(t) = 4*t - 3. Suppose 2*k - 2 - 2 = 0. Let y be u(k). Suppose y*a = 5*i + 15, -13 = -a - a - 5*i. Let x(r) = r**3 - 5*r**2 + 3*r + 3. Determine x(a).
-1
Let z(k) = -k**3 - 5*k**2 + 2*k + 5. Suppose 6*w - 2*j = w + 21, w - 5*j + 5 = 0. Suppose 2*y - 3*y - w*f = 20, -2*y + 2*f - 4 = 0. Calculate z(y).
-5
Suppose -4*m = -m - 18. Let b(g) = g + 6. Give b(m).
12
Let c(m) = -2*m + 7. Let h be c(6). Let x(p) = p**2. Let a(z) = 3*z**2 + 4*z. Let i(j) = -a(j) + 2*x(j). Calculate i(h).
-5
Let q(z) = -z**2 - 4*z + 5. Let d(t) = 2*t**2 + 4*t - 6. Suppose 2*w + 0*w = -6. Let i(h) = w*q(h) - 2*d(h). Let f(n) = -3*n + 1. Let y be f(-1). What is i(y)?
-3
Let w(h) be the third derivative of -h**4/12 + h**3/3 + 10*h**2. Calculate w(3).
-4
Let b = -274 - -274. Let p(g) = 0*g**3 + 3*g**3 - 4*g**3 - g**2 - 1 - g. Give p(b).
-1
Let n be (-2)/8 - (-50)/8. Let b(r) = -3 + 6*r + 0 - 27*r**3 - 5 + 28*r**3 - 7*r**2. Determine b(n).
-8
Let m(x) = x**3 - 3*x**2 - 4*x + 6. Let b be m(4). Let a(d) = d - 3. Let j 